{"id":707,"date":"2022-01-15T11:48:03","date_gmt":"2022-01-15T11:48:03","guid":{"rendered":"https:\/\/www.beatrizguerrapsicologia.es\/?page_id=707"},"modified":"2024-02-06T09:53:44","modified_gmt":"2024-02-06T09:53:44","slug":"aviso-legal","status":"publish","type":"page","link":"https:\/\/www.beatrizguerrapsicologia.es\/?page_id=707","title":{"rendered":"Aviso legal"},"content":{"rendered":"<style>\/*! elementor - v3.5.3 - 28-12-2021 *\/<br \/>\n.elementor-heading-title{padding:0;margin:0;line-height:1}.elementor-widget-heading .elementor-heading-title[class*=elementor-size-]>a{color:inherit;font-size:inherit;line-height:inherit}.elementor-widget-heading .elementor-heading-title.elementor-size-small{font-size:15px}.elementor-widget-heading .elementor-heading-title.elementor-size-medium{font-size:19px}.elementor-widget-heading .elementor-heading-title.elementor-size-large{font-size:29px}.elementor-widget-heading .elementor-heading-title.elementor-size-xl{font-size:39px}.elementor-widget-heading .elementor-heading-title.elementor-size-xxl{font-size:59px}<\/style>\n<h2><\/h2>\n<p>Beatriz Guerra Garc\u00eda es el Responsable del tratamiento de sus datos personales y le informa de que<br \/>\nestos datos ser\u00e1n tratados de conformidad con lo dispuesto en el Reglamento (UE) 2016\/679, de 27 de<br \/>\nabril (GDPR), y la Ley Org\u00e1nica 3\/2018, de 5 de diciembre (LOPDGDD), con la finalidad de mantener<br \/>\nuna relaci\u00f3n comercial (en base a una relaci\u00f3n contractual, obligaci\u00f3n legal o inter\u00e9s leg\u00edtimo) y<br \/>\nconservarlos durante no m\u00e1s tiempo del necesario para mantener el fin del tratamiento o mientras<br \/>\nexistan prescripciones legales que dictaminen su custodia. No se comunicar\u00e1n los datos a terceros,<br \/>\nsalvo obligaci\u00f3n legal. Asimismo, se le informa de que puede ejercer los derechos de acceso,<br \/>\nrectificaci\u00f3n, portabilidad y supresi\u00f3n de sus datos y los de limitaci\u00f3n y oposici\u00f3n a su tratamiento<br \/>\ndirigi\u00e9ndose a Beatriz Guerra Garc\u00eda en R\u00faa das Fonti\u00f1as, 29 BJ &#8211; 15704 Santiago de Compostela (A<br \/>\nCoru\u00f1a). E-mail: beaggarcia@gmail.com y el de reclamaci\u00f3n a www.aepd.es.nc<\/p>\n","protected":false},"excerpt":{"rendered":"<p>Beatriz Guerra Garc\u00eda es el Responsable del tratamiento de sus datos personales y le informa de que estos datos ser\u00e1n tratados de conformidad con lo dispuesto en el Reglamento (UE) 2016\/679, de 27 de abril (GDPR), y la Ley Org\u00e1nica 3\/2018, de 5 de diciembre (LOPDGDD), con la finalidad de mantener una relaci\u00f3n comercial (en &#8230; <a title=\"Aviso legal\" class=\"read-more\" href=\"https:\/\/www.beatrizguerrapsicologia.es\/?page_id=707\" aria-label=\"Leer m\u00e1s sobre Aviso legal\">Leer m\u00e1s<\/a><\/p>\n","protected":false},"author":1,"featured_media":0,"parent":0,"menu_order":0,"comment_status":"closed","ping_status":"closed","template":"elementor_header_footer","meta":{"footnotes":""},"class_list":["post-707","page","type-page","status-publish"],"_links":{"self":[{"href":"https:\/\/www.beatrizguerrapsicologia.es\/index.php?rest_route=\/wp\/v2\/pages\/707","targetHints":{"allow":["GET"]}}],"collection":[{"href":"https:\/\/www.beatrizguerrapsicologia.es\/index.php?rest_route=\/wp\/v2\/pages"}],"about":[{"href":"https:\/\/www.beatrizguerrapsicologia.es\/index.php?rest_route=\/wp\/v2\/types\/page"}],"author":[{"embeddable":true,"href":"https:\/\/www.beatrizguerrapsicologia.es\/index.php?rest_route=\/wp\/v2\/users\/1"}],"replies":[{"embeddable":true,"href":"https:\/\/www.beatrizguerrapsicologia.es\/index.php?rest_route=%2Fwp%2Fv2%2Fcomments&post=707"}],"version-history":[{"count":5,"href":"https:\/\/www.beatrizguerrapsicologia.es\/index.php?rest_route=\/wp\/v2\/pages\/707\/revisions"}],"predecessor-version":[{"id":5538,"href":"https:\/\/www.beatrizguerrapsicologia.es\/index.php?rest_route=\/wp\/v2\/pages\/707\/revisions\/5538"}],"wp:attachment":[{"href":"https:\/\/www.beatrizguerrapsicologia.es\/index.php?rest_route=%2Fwp%2Fv2%2Fmedia&parent=707"}],"curies":[{"name":"wp","href":"https:\/\/api.w.org\/{rel}","templated":true}]}}

<style>/*! elementor - v3.5.3 - 28-12-2021 */<br />
.elementor-heading-title{padding:0;margin:0;line-height:1}.elementor-widget-heading .elementor-heading-title[class*=elementor-size-]>a{color:inherit;font-size:inherit;line-height:inherit}.elementor-widget-heading .elementor-heading-title.elementor-size-small{font-size:15px}.elementor-widget-heading .elementor-heading-title.elementor-size-medium{font-size:19px}.elementor-widget-heading .elementor-heading-title.elementor-size-large{font-size:29px}.elementor-widget-heading .elementor-heading-title.elementor-size-xl{font-size:39px}.elementor-widget-heading .elementor-heading-title.elementor-size-xxl{font-size:59px}</style>
<h2></h2>
<p>Beatriz Guerra García es el Responsable del tratamiento de sus datos personales y le informa de que<br />
estos datos serán tratados de conformidad con lo dispuesto en el Reglamento (UE) 2016/679, de 27 de<br />
abril (GDPR), y la Ley Orgánica 3/2018, de 5 de diciembre (LOPDGDD), con la finalidad de mantener<br />
una relación comercial (en base a una relación contractual, obligación legal o interés legítimo) y<br />
conservarlos durante no más tiempo del necesario para mantener el fin del tratamiento o mientras<br />
existan prescripciones legales que dictaminen su custodia. No se comunicarán los datos a terceros,<br />
salvo obligación legal. Asimismo, se le informa de que puede ejercer los derechos de acceso,<br />
rectificación, portabilidad y supresión de sus datos y los de limitación y oposición a su tratamiento<br />
dirigiéndose a Beatriz Guerra García en Rúa das Fontiñas, 29 BJ &#8211; 15704 Santiago de Compostela (A<br />
Coruña). E-mail: beaggarcia@gmail.com y el de reclamación a www.aepd.es.nc</p>

<p>Beatriz Guerra García es el Responsable del tratamiento de sus datos personales y le informa de que estos datos serán tratados de conformidad con lo dispuesto en el Reglamento (UE) 2016/679, de 27 de abril (GDPR), y la Ley Orgánica 3/2018, de 5 de diciembre (LOPDGDD), con la finalidad de mantener una relación comercial (en &#8230; <a title="Aviso legal" class="read-more" href="https://www.beatrizguerrapsicologia.es/?page_id=707" aria-label="Leer más sobre Aviso legal">Leer más</a></p>
